{"id":18,"date":"2021-07-29T11:39:49","date_gmt":"2021-07-29T09:39:49","guid":{"rendered":"http:\/\/domaich.cluster030.hosting.ovh.net\/?page_id=18"},"modified":"2025-06-04T16:42:23","modified_gmt":"2025-06-04T14:42:23","slug":"vinification-et-elevage","status":"publish","type":"page","link":"https:\/\/www.domaineducouvent.com\/index.php\/vinification-et-elevage\/","title":{"rendered":"Vinification et Elevage"},"content":{"rendered":"<div class=\"brz-root__container brz-reset-all\">\n<section data-uid=\"mqvxwfivqibavenefsituospqyvrgyiiwbyf\" id=\"mqvxwfivqibavenefsituospqyvrgyiiwbyf\" class=\"brz-section brz-css-ainjh\">\n<div class=\"brz-section__content brz-section--boxed brz-css-ecdwr brz-css-vgmby\" data-custom-id=\"jgvauyaomptvdmhweaquebjsmqozkkahakrp\">\n<div class=\"brz-bg\">\n<div class=\"brz-bg-image\"><\/div>\n<\/div>\n<div class=\"brz-container brz-css-kbdbl\">\n<div class=\"brz-row__container brz-css-dhngp\" data-custom-id=\"vpugocbxvycygawqgyeidjrjtyuksrdspcuy\">\n<div class=\"brz-row brz-css-heykq brz-css-isxij\">\n<div class=\"brz-columns brz-css-jqrnt brz-css-dguwr\" data-custom-id=\"onannhmdangikptigymaqrqpyhmyekntskou\">\n<div class=\"brz-column__items brz-css-unpfx\">\n<div class=\"brz-css-gijra brz-wrapper\">\n<div class=\"brz-rich-text brz-rich-text__custom brz-css-qzxwi\" data-custom-id=\"urqruacjpnfghjloahqtvrgqebaqmspqbwoh\">\n<div>\n<ul>\n<li class=\"brz-css-jmhuh\" data-uniq-id=\"xbtjl\" data-generated-css=\"brz-css-rpzve\"><em class=\"brz-cp-color8\">VINIFICATION ET ELEVAGE<\/em><span class=\"brz-cp-color7\"> <\/span><\/li>\n<\/ul>\n<\/div>\n<\/div>\n<\/div>\n<div class=\"brz-css-gijra brz-wrapper\">\n<div class=\"brz-line brz-line-default brz-css-alkzt brz-css-vpntt\" data-custom-id=\"xsynsfvhldxkcjjkbnyzmmrlhstwiyxevupr\">\n<hr class=\"brz-hr\" \/><\/div>\n<\/div>\n<\/div>\n<\/div>\n<\/div>\n<\/div>\n<div class=\"brz-row__container brz-css-dhngp\" data-custom-id=\"qmnmvjljesofqxzcxydnlkdcobdwnnysykdn\">\n<div class=\"brz-row brz-css-heykq brz-css-isxij\">\n<div class=\"brz-columns brz-css-jqrnt\" data-custom-id=\"zbofxypjgqfjmkogjvtcgvymdhzomlszugwp\">\n<div class=\"brz-column__items brz-css-unpfx\"><\/div>\n<\/div>\n<div data-iteration-count=\"1\" class=\"brz-columns brz-css-jqrnt brz-animated brz-css-agfte brz-css-ruuol\" data-custom-id=\"kbnxzqardzxixikfkxxbgxpflpdmueeqjvoj\">\n<div class=\"brz-column__items brz-css-unpfx\">\n<div class=\"brz-css-gijra brz-wrapper\">\n<div class=\"brz-rich-text brz-rich-text__custom brz-css-qzxwi\" data-custom-id=\"tretfcxlozrmhxacykcmtibbydrwmvuyyqum\">\n<div>\n<p class=\"brz-css-kziwl\" data-uniq-id=\"ogboy\" data-generated-css=\"brz-css-nnhya\"><span class=\"brz-cp-color8\">La philosophie est d\u2019\u00e9purer nos pratiques pour que le style du vinificateur s\u2019efface au profit de la personnalit\u00e9 de chaque terroir et mill\u00e9sime. Avec patience, humilit\u00e9 et adaptation, le travail de chaque d\u00e9tail participe \u00e0 la r\u00e9ussite de l\u2019ensemble \u00e0 la recherche de la puret\u00e9, de la pr\u00e9cision et du caract\u00e8re vivant et vibrant du vin, vinifi\u00e9 sans intrant \u00e0 l\u00a0\u00bbexception des sulfites ajouter en fin de fermentation malolactique et avant la mise en bouteilles (autour de 50mg\/l de total en bouteille).<\/span><\/p>\n<p class=\"brz-css-dhnwm\" data-uniq-id=\"tllty\" data-generated-css=\"brz-css-ugibz\"><span class=\"brz-cp-color8\">Les vendanges 100% manuelles se font en petites caisses ajour\u00e9s de 20 kilogrammes pour \u00e9viter le tassement et la trituration des baies. Un tri m\u00e9ticuleux est effectu\u00e9 \u00e0 la vigne ainsi qu\u2019en cuverie o\u00f9 le raisin passe sur une table de tri vibrante avant d\u2019\u00eatre transport\u00e9 par un tapis roulant dans la cuve, sans foulage pour avoir des baies enti\u00e8res. Certaines cuv\u00e9es conservent une proportion de grappes enti\u00e8res selon la personnalit\u00e9 de la parcelle et de l\u2019ann\u00e9e. Les vinifications se d\u00e9roulent dans des cuves b\u00e9tons et inox thermor\u00e9gul\u00e9es, ce qui nous permet en d\u00e9but de vinification de descendre leur temp\u00e9rature pour avoir une temp\u00e9rature fraiche permettant une d\u00e9part lent en fermentation qui d\u00e9marre naturellement par les levures indig\u00e8nes. Pendant cette p\u00e9riode remontage, pigeage l\u00e9ger et d\u00e9lestage quand ils sont n\u00e9cessaires nous permettent, de trouver la parfaite balance dans l\u2019extraction des tannins, anthocyanes, et compos\u00e9s aromatiques de nos raisins.<\/span><\/p>\n<p class=\"brz-css-antlp\" data-uniq-id=\"dqbrw\" data-generated-css=\"brz-css-aalrz\"><span class=\"brz-cp-color8\">En fin de fermentation une p\u00e9riode de mac\u00e9ration peut porter la dur\u00e9e totale de cuvaison jusqu\u2019\u00e0 30 jours. Le pressurage est mod\u00e9r\u00e9 et intervient en fonction de la d\u00e9gustation lorsque les tanins sont suffisamment assouplis et harmonieux. D\u00e9bourbage en cuve herm\u00e9tique pendant une quinzaine de jours, puis entonnage avec pr\u00e9sence de lies fines dans chaque f\u00fbt.<\/span><\/p>\n<p class=\"brz-css-wuhfy\" data-uniq-id=\"kzbko\" data-generated-css=\"brz-css-qticp\"><span class=\"brz-cp-color8\">Un \u00e9levage sans sous tirage, se d\u00e9roule ensuite il peut durer entre 12 et 20 mois en fonction des cuv\u00e9es et des ann\u00e9es. La futaie est renouvel\u00e9e \u00e0 hauteur de 15 \u00e0 20% de fut neuf maximum, l&apos;id\u00e9e \u00e9tant d&apos;avoir l&apos;avantage de micro-oxyg\u00e9nation du fut sans que le vin soit marqu\u00e9 par la chauffe de celui ci. Les vins sont alors soutir\u00e9s et assembl\u00e9s en cuve 1 mois avant la mise en bouteille. Ils ne sont jamais coll\u00e9s et une l\u00e9g\u00e8re filtration d\u00e9grossissant peut \u00eatre r\u00e9alis\u00e9e.<\/span><\/p>\n<p class=\"brz-css-kvoah\" data-uniq-id=\"dqklm\" data-generated-css=\"brz-css-pxmzr\"><span class=\"brz-cp-color8\"> <\/span><\/p>\n<\/div>\n<\/div>\n<\/div>\n<\/div>\n<\/div>\n<\/div>\n<\/div>\n<\/div>\n<\/div>\n<\/section>\n<section data-uid=\"qevsrnznlnyfflcdmctqgmwnhdmrxjlaemqt\" id=\"qevsrnznlnyfflcdmctqgmwnhdmrxjlaemqt\" class=\"brz-section brz-css-ainjh\">\n<div class=\"brz-section__content brz-section--boxed brz-css-ecdwr brz-css-nsdhq\" data-custom-id=\"phjefndkvindlvaemfckseposikgrpshvsup\">\n<div class=\"brz-bg\">\n<div class=\"brz-bg-color\"><\/div>\n<\/div>\n<div class=\"brz-container brz-css-kbdbl\">\n<div class=\"brz-row__container brz-css-dhngp\" data-custom-id=\"jvcqvxsrtukcmvectjwekoifjpsaojkcffer\">\n<div class=\"brz-row brz-css-heykq brz-css-isxij\">\n<div class=\"brz-columns brz-css-jqrnt brz-css-iqzjc\" data-custom-id=\"sdhzvvmhaluddlvlqafotqjstimldfhjafce\">\n<div class=\"brz-column__items brz-css-unpfx\">\n<div class=\"brz-css-gijra brz-wrapper\">\n<div class=\"brz-rich-text brz-rich-text__custom brz-css-qzxwi\" data-custom-id=\"lzqyiiapzgqbyqvytlszhtdnsjshjdmbxrxh\">\n<div>\n<p class=\"brz-css-firtm\" data-generated-css=\"brz-css-avdat\" data-uniq-id=\"iklxm\"><span class=\"brz-cp-color8\" style=\"opacity: 1;\">Domaine du Couvent<\/span><\/p>\n<p class=\"brz-css-sdwsn\" data-generated-css=\"brz-css-shpay\" data-uniq-id=\"lquyu\"><span class=\"brz-cp-color8\" style=\"opacity: 1;\">7 rue de la croix des champs <\/span><\/p>\n<p class=\"brz-css-mesci\" data-generated-css=\"brz-css-hkwuf\" data-uniq-id=\"fuofd\"><span class=\"brz-cp-color8\" style=\"opacity: 1;\">21220 Gevrey Chambertin <\/span><\/p>\n<\/div>\n<\/div>\n<\/div>\n<\/div>\n<\/div>\n<div class=\"brz-columns brz-css-jqrnt brz-css-xftjs\" data-custom-id=\"jrapileclrnhmjpjanrpmiypugileefxsgtr\">\n<div class=\"brz-column__items brz-css-unpfx\">\n<div class=\"brz-css-gijra brz-wrapper\">\n<div class=\"brz-image brz-css-pjnfb\"><picture class=\"brz-picture brz-d-block brz-p-relative brz-css-jblkw\" data-custom-id=\"mjtixanvsgraczzxdcxzfqbqxdvgfdgpmopf\"><source srcset=\"https:\/\/www.domaineducouvent.com\/wp-content\/uploads\/brizy\/imgs\/LOGO-COUVENT-BLANC-75x93x3x0x68x93x1627983768.png 1x, https:\/\/www.domaineducouvent.com\/wp-content\/uploads\/brizy\/imgs\/LOGO-COUVENT-BLANC-150x186x6x0x136x186x1627983768.png 2x\" media=\"(min-width: 992px)\" \/><source srcset=\"https:\/\/www.domaineducouvent.com\/wp-content\/uploads\/brizy\/imgs\/LOGO-COUVENT-BLANC-100x124x8x0x84x124x1627983768.png 1x, https:\/\/www.domaineducouvent.com\/wp-content\/uploads\/brizy\/imgs\/LOGO-COUVENT-BLANC-200x248x16x0x168x248x1627983768.png 2x\" media=\"(min-width: 768px)\" \/><img class=\"brz-img\" srcset=\"https:\/\/www.domaineducouvent.com\/wp-content\/uploads\/brizy\/imgs\/LOGO-COUVENT-BLANC-68x84x6x0x56x84x1627983768.png 1x, https:\/\/www.domaineducouvent.com\/wp-content\/uploads\/brizy\/imgs\/LOGO-COUVENT-BLANC-136x168x12x0x112x168x1627983768.png 2x\" src=\"https:\/\/www.domaineducouvent.com\/wp-content\/uploads\/brizy\/imgs\/LOGO-COUVENT-BLANC-75x93x3x0x68x93x1627983768.png\" alt=\"\" draggable=\"false\" loading=\"lazy\" \/><\/picture><\/div>\n<\/div>\n<\/div>\n<\/div>\n<div class=\"brz-columns brz-css-jqrnt brz-css-bnayy\" data-custom-id=\"wnajjtamlupoyobudjjeltbfqqzgwqzhgwyw\">\n<div class=\"brz-column__items brz-css-unpfx\">\n<div class=\"brz-css-gijra brz-wrapper\">\n<div class=\"brz-rich-text brz-rich-text__custom brz-css-qzxwi\" data-custom-id=\"ikvjvgwdkelfugxyxacieanzwxbkqpasvnnn\">\n<div>\n<p class=\"brz-css-yjemv\" data-uniq-id=\"ighdj\" data-generated-css=\"brz-css-qryym\"><span class=\"brz-cp-color8\">Philippe Ch\u00e9ron<\/span><\/p>\n<p class=\"brz-css-nvpli\" data-uniq-id=\"wvwcw\" data-generated-css=\"brz-css-cpebf\"><span class=\"brz-cp-color8\">03 80 34 30 30 <\/span><\/p>\n<\/div>\n<\/div>\n<\/div>\n<div class=\"brz-wrapper-clone brz-css-qziny\">\n<div class=\"brz-d-xs-flex brz-flex-xs-wrap brz-css-zybaz brz-css-ftoti\">\n<div class=\"brz-wrapper-clone__item brz-css-txrac brz-css-kdyzq\" id=\"bhwrtelgsgpplgiozsclmyguyupskifuljwb\">\n<div id class=\"brz-icon__container\" data-custom-id=\"bhwrtelgsgpplgiozsclmyguyupskifuljwb\"><a class=\"brz-a\" href=\"https:\/\/www.facebook.com\/profile.php?id=100071013171661\" data-brz-link-type=\"external\" id><span class=\"brz-span brz-icon css-16ajnmp\"><svg version=\"1.1\" xmlns=\"http:\/\/www.w3.org\/2000\/svg\" xmlns:xlink=\"http:\/\/www.w3.org\/1999\/xlink\" x=\"0px\" y=\"0px\" viewbox=\"0 0 24 24\" xml:space=\"preserve\" class=\"brz-icon-svg\" data-type=\"glyph\" data-name=\"logo-facebook\"><g class=\"nc-icon-wrapper\" fill=\"currentColor\"><path fill=\"currentColor\" d=\"M22,0H2C0.895,0,0,0.895,0,2v20c0,1.105,0.895,2,2,2h11v-9h-3v-4h3V8.413c0-3.1,1.893-4.788,4.659-4.788 c1.325,0,2.463,0.099,2.795,0.143v3.24l-1.918,0.001c-1.504,0-1.795,0.715-1.795,1.763V11h4.44l-1,4h-3.44v9H22c1.105,0,2-0.895,2-2 V2C24,0.895,23.105,0,22,0z\" \/><\/g><\/svg><\/span><\/a><\/div>\n<\/div>\n<div class=\"brz-wrapper-clone__item brz-css-txrac brz-css-kdyzq\" id=\"siuxdvruflfjbepvuuyrknfzzfyennvebnbk\">\n<div id class=\"brz-icon__container\" data-custom-id=\"siuxdvruflfjbepvuuyrknfzzfyennvebnbk\"><a class=\"brz-a\" href=\"https:\/\/www.linkedin.com\/company\/domaine-du-couvent-philippe-cheron\/\" data-brz-link-type=\"external\" id><span class=\"brz-span brz-icon css-1flr95o\"><svg version=\"1.1\" xmlns=\"http:\/\/www.w3.org\/2000\/svg\" xmlns:xlink=\"http:\/\/www.w3.org\/1999\/xlink\" x=\"0px\" y=\"0px\" viewbox=\"0 0 24 24\" xml:space=\"preserve\" class=\"brz-icon-svg\" data-type=\"glyph\" data-name=\"logo-linkedin\"><g class=\"nc-icon-wrapper\" fill=\"currentColor\"><path fill=\"currentColor\" d=\"M23,0H1C0.4,0,0,0.4,0,1v22c0,0.6,0.4,1,1,1h22c0.6,0,1-0.4,1-1V1C24,0.4,23.6,0,23,0z M7.1,20.5H3.6V9h3.6 V20.5z M5.3,7.4c-1.1,0-2.1-0.9-2.1-2.1c0-1.1,0.9-2.1,2.1-2.1c1.1,0,2.1,0.9,2.1,2.1C7.4,6.5,6.5,7.4,5.3,7.4z M20.5,20.5h-3.6 v-5.6c0-1.3,0-3-1.8-3c-1.9,0-2.1,1.4-2.1,2.9v5.7H9.4V9h3.4v1.6h0c0.5-0.9,1.6-1.8,3.4-1.8c3.6,0,4.3,2.4,4.3,5.5V20.5z\" \/><\/g><\/svg><\/span><\/a><\/div>\n<\/div>\n<div class=\"brz-wrapper-clone__item brz-css-txrac brz-css-kdyzq\" id=\"sclpayvfwtrspgbwsmxxjlcxwtxndeqkupbs\">\n<div id class=\"brz-icon__container\" data-custom-id=\"sclpayvfwtrspgbwsmxxjlcxwtxndeqkupbs\"><a class=\"brz-a\" href=\"https:\/\/www.instagram.com\/domainecouvent\/\" data-brz-link-type=\"external\" id><span class=\"brz-span brz-icon css-1flr95o\"><svg version=\"1.1\" xmlns=\"http:\/\/www.w3.org\/2000\/svg\" xmlns:xlink=\"http:\/\/www.w3.org\/1999\/xlink\" x=\"0px\" y=\"0px\" viewbox=\"0 0 24 24\" xml:space=\"preserve\" class=\"brz-icon-svg\" data-type=\"glyph\" data-name=\"logo-instagram\"><g class=\"nc-icon-wrapper\" fill=\"currentColor\"><path fill=\"currentColor\" d=\"M12,2.162c3.204,0,3.584,0.012,4.849,0.07c1.366,0.062,2.633,0.336,3.608,1.311 c0.975,0.975,1.249,2.242,1.311,3.608c0.058,1.265,0.07,1.645,0.07,4.849s-0.012,3.584-0.07,4.849 c-0.062,1.366-0.336,2.633-1.311,3.608c-0.975,0.975-2.242,1.249-3.608,1.311c-1.265,0.058-1.645,0.07-4.849,0.07 s-3.584-0.012-4.849-0.07c-1.366-0.062-2.633-0.336-3.608-1.311c-0.975-0.975-1.249-2.242-1.311-3.608 c-0.058-1.265-0.07-1.645-0.07-4.849s0.012-3.584,0.07-4.849c0.062-1.366,0.336-2.633,1.311-3.608 c0.975-0.975,2.242-1.249,3.608-1.311C8.416,2.174,8.796,2.162,12,2.162 M12,0C8.741,0,8.332,0.014,7.052,0.072 c-1.95,0.089-3.663,0.567-5.038,1.942C0.639,3.389,0.161,5.102,0.072,7.052C0.014,8.332,0,8.741,0,12 c0,3.259,0.014,3.668,0.072,4.948c0.089,1.95,0.567,3.663,1.942,5.038c1.375,1.375,3.088,1.853,5.038,1.942 C8.332,23.986,8.741,24,12,24s3.668-0.014,4.948-0.072c1.95-0.089,3.663-0.567,5.038-1.942c1.375-1.375,1.853-3.088,1.942-5.038 C23.986,15.668,24,15.259,24,12s-0.014-3.668-0.072-4.948c-0.089-1.95-0.567-3.663-1.942-5.038 c-1.375-1.375-3.088-1.853-5.038-1.942C15.668,0.014,15.259,0,12,0L12,0z\" \/> <path data-color=\"color-2\" fill=\"currentColor\" d=\"M12,5.838c-3.403,0-6.162,2.759-6.162,6.162S8.597,18.162,12,18.162s6.162-2.759,6.162-6.162 S15.403,5.838,12,5.838z M12,16c-2.209,0-4-1.791-4-4s1.791-4,4-4s4,1.791,4,4S14.209,16,12,16z\" \/> <circle data-color=\"color-2\" fill=\"currentColor\" cx=\"18.406\" cy=\"5.594\" r=\"1.44\" \/><\/g><\/svg><\/span><\/a><\/div>\n<\/div>\n<\/div>\n<\/div>\n<\/div>\n<\/div>\n<\/div>\n<\/div>\n<\/div>\n<\/div>\n<\/section>\n<\/div>\n<p><!-- version:1749048143 --><\/p>\n","protected":false},"excerpt":{"rendered":"<p>VINIFICATION ET ELEVAGE La philosophie est d\u2019\u00e9purer nos pratiques pour que le style du vinificateur s\u2019efface au profit de la personnalit\u00e9 de chaque terroir et mill\u00e9sime. Avec patience, humilit\u00e9 et adaptation, le travail de chaque d\u00e9tail participe \u00e0 la r\u00e9ussite de l\u2019ensemble \u00e0 la recherche de la puret\u00e9, de la pr\u00e9cision et du caract\u00e8re vivant &hellip;<\/p>\n<p class=\"read-more\"> <a class=\"\" href=\"https:\/\/www.domaineducouvent.com\/index.php\/vinification-et-elevage\/\"> <span class=\"screen-reader-text\">Vinification et Elevage<\/span> Lire la suite \u00bb<\/a><\/p>\n","protected":false},"author":1,"featured_media":0,"parent":0,"menu_order":0,"comment_status":"closed","ping_status":"closed","template":"","meta":[],"yoast_head":"<!-- This site is optimized with the Yoast SEO plugin v19.2 - https:\/\/yoast.com\/wordpress\/plugins\/seo\/ -->\n<title>Vinification et Elevage - Domaine du Couvent - Philippe Cheron<\/title>\n<meta name=\"robots\" content=\"index, follow, max-snippet:-1, max-image-preview:large, max-video-preview:-1\" \/>\n<link rel=\"canonical\" href=\"https:\/\/www.domaineducouvent.com\/index.php\/vinification-et-elevage\/\" \/>\n<meta property=\"og:locale\" content=\"fr_FR\" \/>\n<meta property=\"og:type\" content=\"article\" \/>\n<meta property=\"og:title\" content=\"Vinification et Elevage - Domaine du Couvent - Philippe Cheron\" \/>\n<meta property=\"og:description\" content=\"VINIFICATION ET ELEVAGE La philosophie est d\u2019\u00e9purer nos pratiques pour que le style du vinificateur s\u2019efface au profit de la personnalit\u00e9 de chaque terroir et mill\u00e9sime. Avec patience, humilit\u00e9 et adaptation, le travail de chaque d\u00e9tail participe \u00e0 la r\u00e9ussite de l\u2019ensemble \u00e0 la recherche de la puret\u00e9, de la pr\u00e9cision et du caract\u00e8re vivant &hellip; Vinification et Elevage Lire la suite \u00bb\" \/>\n<meta property=\"og:url\" content=\"https:\/\/www.domaineducouvent.com\/index.php\/vinification-et-elevage\/\" \/>\n<meta property=\"og:site_name\" content=\"Domaine du Couvent - Philippe Cheron\" \/>\n<meta property=\"article:modified_time\" content=\"2025-06-04T14:42:23+00:00\" \/>\n<meta property=\"og:image\" content=\"https:\/\/www.domaineducouvent.com\/wp-content\/uploads\/brizy\/imgs\/LOGO-COUVENT-BLANC-75x93x3x0x68x93x1627983768.png\" \/>\n<meta name=\"author\" content=\"admin5320\" \/>\n<meta name=\"twitter:card\" content=\"summary_large_image\" \/>\n<meta name=\"twitter:label1\" content=\"Dur\u00e9e de lecture estim\u00e9e\" \/>\n\t<meta name=\"twitter:data1\" content=\"2 minutes\" \/>\n<script type=\"application\/ld+json\" class=\"yoast-schema-graph\">{\"@context\":\"https:\/\/schema.org\",\"@graph\":[{\"@type\":\"WebSite\",\"@id\":\"https:\/\/www.domaineducouvent.com\/#website\",\"url\":\"https:\/\/www.domaineducouvent.com\/\",\"name\":\"Domaine du Couvent - Philippe Cheron\",\"description\":\"Vigneron au service des Climats\",\"potentialAction\":[{\"@type\":\"SearchAction\",\"target\":{\"@type\":\"EntryPoint\",\"urlTemplate\":\"https:\/\/www.domaineducouvent.com\/?s={search_term_string}\"},\"query-input\":\"required name=search_term_string\"}],\"inLanguage\":\"fr-FR\"},{\"@type\":\"ImageObject\",\"inLanguage\":\"fr-FR\",\"@id\":\"https:\/\/www.domaineducouvent.com\/index.php\/vinification-et-elevage\/#primaryimage\",\"url\":\"https:\/\/www.domaineducouvent.com\/wp-content\/uploads\/brizy\/imgs\/LOGO-COUVENT-BLANC-75x93x3x0x68x93x1627983768.png\",\"contentUrl\":\"https:\/\/www.domaineducouvent.com\/wp-content\/uploads\/brizy\/imgs\/LOGO-COUVENT-BLANC-75x93x3x0x68x93x1627983768.png\"},{\"@type\":\"WebPage\",\"@id\":\"https:\/\/www.domaineducouvent.com\/index.php\/vinification-et-elevage\/#webpage\",\"url\":\"https:\/\/www.domaineducouvent.com\/index.php\/vinification-et-elevage\/\",\"name\":\"Vinification et Elevage - Domaine du Couvent - Philippe Cheron\",\"isPartOf\":{\"@id\":\"https:\/\/www.domaineducouvent.com\/#website\"},\"primaryImageOfPage\":{\"@id\":\"https:\/\/www.domaineducouvent.com\/index.php\/vinification-et-elevage\/#primaryimage\"},\"datePublished\":\"2021-07-29T09:39:49+00:00\",\"dateModified\":\"2025-06-04T14:42:23+00:00\",\"breadcrumb\":{\"@id\":\"https:\/\/www.domaineducouvent.com\/index.php\/vinification-et-elevage\/#breadcrumb\"},\"inLanguage\":\"fr-FR\",\"potentialAction\":[{\"@type\":\"ReadAction\",\"target\":[\"https:\/\/www.domaineducouvent.com\/index.php\/vinification-et-elevage\/\"]}]},{\"@type\":\"BreadcrumbList\",\"@id\":\"https:\/\/www.domaineducouvent.com\/index.php\/vinification-et-elevage\/#breadcrumb\",\"itemListElement\":[{\"@type\":\"ListItem\",\"position\":1,\"name\":\"Accueil\",\"item\":\"https:\/\/www.domaineducouvent.com\/\"},{\"@type\":\"ListItem\",\"position\":2,\"name\":\"Vinification et Elevage\"}]}]}<\/script>\n<!-- \/ Yoast SEO plugin. -->","yoast_head_json":{"title":"Vinification et Elevage - Domaine du Couvent - Philippe Cheron","robots":{"index":"index","follow":"follow","max-snippet":"max-snippet:-1","max-image-preview":"max-image-preview:large","max-video-preview":"max-video-preview:-1"},"canonical":"https:\/\/www.domaineducouvent.com\/index.php\/vinification-et-elevage\/","og_locale":"fr_FR","og_type":"article","og_title":"Vinification et Elevage - Domaine du Couvent - Philippe Cheron","og_description":"VINIFICATION ET ELEVAGE La philosophie est d\u2019\u00e9purer nos pratiques pour que le style du vinificateur s\u2019efface au profit de la personnalit\u00e9 de chaque terroir et mill\u00e9sime. Avec patience, humilit\u00e9 et adaptation, le travail de chaque d\u00e9tail participe \u00e0 la r\u00e9ussite de l\u2019ensemble \u00e0 la recherche de la puret\u00e9, de la pr\u00e9cision et du caract\u00e8re vivant &hellip; Vinification et Elevage Lire la suite \u00bb","og_url":"https:\/\/www.domaineducouvent.com\/index.php\/vinification-et-elevage\/","og_site_name":"Domaine du Couvent - Philippe Cheron","article_modified_time":"2025-06-04T14:42:23+00:00","og_image":[{"url":"https:\/\/www.domaineducouvent.com\/wp-content\/uploads\/brizy\/imgs\/LOGO-COUVENT-BLANC-75x93x3x0x68x93x1627983768.png"}],"author":"admin5320","twitter_card":"summary_large_image","twitter_misc":{"Dur\u00e9e de lecture estim\u00e9e":"2 minutes"},"schema":{"@context":"https:\/\/schema.org","@graph":[{"@type":"WebSite","@id":"https:\/\/www.domaineducouvent.com\/#website","url":"https:\/\/www.domaineducouvent.com\/","name":"Domaine du Couvent - Philippe Cheron","description":"Vigneron au service des Climats","potentialAction":[{"@type":"SearchAction","target":{"@type":"EntryPoint","urlTemplate":"https:\/\/www.domaineducouvent.com\/?s={search_term_string}"},"query-input":"required name=search_term_string"}],"inLanguage":"fr-FR"},{"@type":"ImageObject","inLanguage":"fr-FR","@id":"https:\/\/www.domaineducouvent.com\/index.php\/vinification-et-elevage\/#primaryimage","url":"https:\/\/www.domaineducouvent.com\/wp-content\/uploads\/brizy\/imgs\/LOGO-COUVENT-BLANC-75x93x3x0x68x93x1627983768.png","contentUrl":"https:\/\/www.domaineducouvent.com\/wp-content\/uploads\/brizy\/imgs\/LOGO-COUVENT-BLANC-75x93x3x0x68x93x1627983768.png"},{"@type":"WebPage","@id":"https:\/\/www.domaineducouvent.com\/index.php\/vinification-et-elevage\/#webpage","url":"https:\/\/www.domaineducouvent.com\/index.php\/vinification-et-elevage\/","name":"Vinification et Elevage - Domaine du Couvent - Philippe Cheron","isPartOf":{"@id":"https:\/\/www.domaineducouvent.com\/#website"},"primaryImageOfPage":{"@id":"https:\/\/www.domaineducouvent.com\/index.php\/vinification-et-elevage\/#primaryimage"},"datePublished":"2021-07-29T09:39:49+00:00","dateModified":"2025-06-04T14:42:23+00:00","breadcrumb":{"@id":"https:\/\/www.domaineducouvent.com\/index.php\/vinification-et-elevage\/#breadcrumb"},"inLanguage":"fr-FR","potentialAction":[{"@type":"ReadAction","target":["https:\/\/www.domaineducouvent.com\/index.php\/vinification-et-elevage\/"]}]},{"@type":"BreadcrumbList","@id":"https:\/\/www.domaineducouvent.com\/index.php\/vinification-et-elevage\/#breadcrumb","itemListElement":[{"@type":"ListItem","position":1,"name":"Accueil","item":"https:\/\/www.domaineducouvent.com\/"},{"@type":"ListItem","position":2,"name":"Vinification et Elevage"}]}]}},"uagb_featured_image_src":{"full":false,"thumbnail":false,"medium":false,"medium_large":false,"large":false,"1536x1536":false,"2048x2048":false},"uagb_author_info":{"display_name":"admin5320","author_link":"https:\/\/www.domaineducouvent.com\/index.php\/author\/admin5320\/"},"uagb_comment_info":0,"uagb_excerpt":"VINIFICATION ET ELEVAGE La philosophie est d\u2019\u00e9purer nos pratiques pour que le style du vinificateur s\u2019efface au profit de la personnalit\u00e9 de chaque terroir et mill\u00e9sime. Avec patience, humilit\u00e9 et adaptation, le travail de chaque d\u00e9tail participe \u00e0 la r\u00e9ussite de l\u2019ensemble \u00e0 la recherche de la puret\u00e9, de la pr\u00e9cision et du caract\u00e8re vivant\u2026","_links":{"self":[{"href":"https:\/\/www.domaineducouvent.com\/index.php\/wp-json\/wp\/v2\/pages\/18"}],"collection":[{"href":"https:\/\/www.domaineducouvent.com\/index.php\/wp-json\/wp\/v2\/pages"}],"about":[{"href":"https:\/\/www.domaineducouvent.com\/index.php\/wp-json\/wp\/v2\/types\/page"}],"author":[{"embeddable":true,"href":"https:\/\/www.domaineducouvent.com\/index.php\/wp-json\/wp\/v2\/users\/1"}],"replies":[{"embeddable":true,"href":"https:\/\/www.domaineducouvent.com\/index.php\/wp-json\/wp\/v2\/comments?post=18"}],"version-history":[{"count":22,"href":"https:\/\/www.domaineducouvent.com\/index.php\/wp-json\/wp\/v2\/pages\/18\/revisions"}],"predecessor-version":[{"id":2371,"href":"https:\/\/www.domaineducouvent.com\/index.php\/wp-json\/wp\/v2\/pages\/18\/revisions\/2371"}],"wp:attachment":[{"href":"https:\/\/www.domaineducouvent.com\/index.php\/wp-json\/wp\/v2\/media?parent=18"}],"curies":[{"name":"wp","href":"https:\/\/api.w.org\/{rel}","templated":true}]}}